f v and 207?
23
Let i(u) = -245*u + 2776. Let v be i(11). What is the highest common divisor of v and 3?
3
Let z(l) = -4*l**2 - 77*l + 63. Let j be z(-20). Suppose -5*k - 76 = -3*w, 5*w = j*k + 29 + 103. What is the greatest common divisor of w and 9?
9
Let q be ((-80)/(-14))/(((-65)/91)/(-5)). Let r be 103024/112 + 1/7. What is the greatest common divisor of r and q?
40
Suppose 220*k - 2611906 = -22*k. What is the greatest common factor of 43 and k?
43
Suppose 8*u - 12*u + 3*s = -3783, 5*s = 4*u - 3777. What is the greatest common factor of u and 348?
12
Suppose 13*o = 75 + 133. Suppose -2*j - 3*w + 5 = -2, 3*j + 3*w - 6 = 0. Let k be 2/(-5)*(-161 - j). Calculate the greatest common factor of o and k.
16
Let s be -14*(-25)/(-500)*-10. Calculate the greatest common divisor of s and 223.
1
Suppose 3*v = 3*i - 426, 0 = 3*i + 87*v - 82*v - 410. What is the highest common divisor of i and 60?
20
Let z(s) = -s + 8. Let x be z(4). Let k(m) = -2 + x + m + 0. Let v be k(18). Calculate the greatest common divisor of 8 and v.
4
Let h be 3/12 - 14/(-8). Let o be (24/(-10))/(h/(-40)). Let n(d) = -d**2 - 14*d + 163. Let u be n(-21). What is the highest common divisor of u and o?
16
Let s = 10 + -6. Let h(n) = -n**2 + 7*n - 9. Let a be h(s). Let g = 325 + -322. What is the greatest common divisor of g and a?
3
Suppose 43*m - 41*m + 2 = 0, c = 3*m. Let u(j) = 3*j**2 - 5*j - 2. Let l be u(c). Let i be 61*1 + (-1)/1. What is the greatest common factor of l and i?
20
Suppose -2368 = -3*z - 5*c, z - c - 201 = 583. Let r = z + -480. Calculate the greatest common factor of r and 36.
18
Let a(i) = -5*i**3 - 17*i**2 - 83*i - 8. Let z be a(-3). What is the highest common factor of 1 and z?
1
Let m be ((-4)/(-12) - 55/3)*-5. Let z = m + 34. Let d = -97 + z. Calculate the greatest common divisor of 3 and d.
3
Let v(f) = -f**2 - 6*f - 9. Let u be v(-3). Suppose u*z = 4*z - 8. Let k be (54 - 57) + 4/1. What is the highest common divisor of k and z?
1
Let b(n) = -n**2 - 22*n - 1. Let q be b(-9). Let r = -92 + q. What is the greatest common factor of 192 and r?
24
Suppose -66 = -y - 6. Suppose -6*w + 516 = y. What is the greatest common factor of w and 114?
38
Suppose -a + 28 = -5*a. Let d = 48 + -36. Let n = d + a. What is the highest common factor of 25 and n?
5
Suppose -3*j = -i + 119, 5*i + 6*j = 2*j + 614. Let m = 182 - i. Calculate the greatest common divisor of 80 and m.
20
Let b be (0 - 1)*(0 - 0). Suppose 79 = 3*r - 4*u, b = -4*u - 0 - 4. Let z be ((-24)/(-15))/4 - 85828/(-430). Calculate the highest common divisor of r and z.
25
Let u be ((-10)/(-15))/((-2)/(-36)). Let c(q) = -9*q - 20 + 2*q**2 - u*q + 68*q. Let j be c(-24). What is the greatest common factor of 28 and j?
4
Suppose 7*c + 0*c = 1246 + 238. Calculate the greatest common factor of c and 196.
4
Let p = -16463 - -16499. Calculate the greatest common divisor of p and 420.
12
Let s(z) = 8*z - 24. Let g be s(48). What is the highest common divisor of 3180 and g?
60
Let d(q) = -q**2 - 50*q + 576. Let n be d(9). Let c be 3/((-3)/(-16)) + 2. What is the highest common divisor of n and c?
9
Suppose 151*x - 108 = 154*x. Let v be (-6)/(-8) + (-405)/x. Let f(m) = -6*m**3 - 4*m**2 - 2*m. Let d be f(-3). What is the highest common divisor of v and d?
12
Let d = 60 + -22. Let j(h) = 2*h**2 - 21*h - 46. Let c be j(-6). What is the greatest common divisor of c and d?
38
Let p(y) = 2*y**3 - 18*y**2 + 3*y - 22. Let q be p(9). Calculate the greatest common divisor of q and 5455.
5
Suppose 0 = -2*x - 4*v + 19 + 15, -x = 5*v - 17. Let i be 680/(-6)*((-48)/15 + 2). Suppose 2*q = q + i. Calculate the greatest common factor of x and q.
17
Suppose 247*x - 262*x = -90. Let s = 23 - 8. Suppose -z = x - s. Calculate the greatest common divisor of z and 117.
9
Let s(u) = -2*u**2 + 12*u + 1. Let x be s(6). Let r be (-5 + 6)*x*5. What is the highest common divisor of 55 and r?
5
Let s be -1 + 21/2*(-70)/(-15). Let x be ((-2)/(-4))/(-6*(-5)/660). Suppose x*b - 5*b = 36. What is the greatest common factor of b and s?
6
Let p be 360/(-140)*14/(-2). Let o be (-12)/5*(-68040)/336. Calculate the highest common divisor of o and p.
18
Suppose -192*w + 5237 + 774 - 1211 = 0. Calculate the greatest common divisor of w and 85.
5
Let p be (-8)/(-100) + (8 - (-555399)/325). What is the highest common factor of 101 and p?
101
Let c = -352 + 537. Suppose -4*l = 0, -3*f - 5*l = 2*f - 185. What is the greatest common divisor of f and c?
37
Suppose -22263 + 217449 = 17*v - 155082. Calculate the greatest common divisor of v and 408.
204
Let o(q) be the second derivative of 4/3*q**4 + 0 + q**3 - 4*q**2 - 1/20*q**5 - 8*q. Let y be o(16). Calculate the greatest common factor of 22 and y.
22
Let g(d) = -2*d + 99. Let v be g(44). Let y = 208 + -87. Calculate the greatest common divisor of v and y.
11
Let o = -286 + 291. Suppose -4*a - i = -0*i - 601, -a + 155 = o*i. What is the greatest common factor of 30 and a?
30
Let p be (47 + 4 + -4)*(10 + 2). Let u = -157 + p. Calculate the highest common factor of 33 and u.
11
Suppose -4*s - 160 = -168. Let a be (1 - (2 + 2))/((-2)/s). Let q = 15 + -6. What is the highest common factor of a and q?
3
Let d = 4158 + -2806. Let v be 3/(12/d*2). Calculate the greatest common divisor of v and 65.
13
Suppose 63*v = -19*v + 2866 + 3366. Calculate the greatest common factor of 8683 and v.
19
Suppose 257*u + 12799 = 259*u - 5*r, -2*u + 3*r = -12793. What is the highest common factor of u and 188?
188
Suppose 5717 - 50377 = -290*a. Let o = -51 - -95. What is the greatest common factor of o and a?
22
Let p be 3/(-6)*60/(-4 - 1). Let w be 0/((-6)/1*(-3)/p). Let c be 5 + -2 + w + 117. What is the highest common divisor of c and 24?
24
Let r(l) = l**3 + 8*l**2 + 11*l + 192. Let t be r(-8). Let x(b) = -b**2 + 18*b + 23. Let y be x(17). Calculate the highest common factor of t and y.
8
Let f(x) = x**3 + 45*x**2 + 482*x - 15. Let v be f(-20). Calculate the greatest common factor of v and 3703.
23
Suppose 84*c = 91*c - 8882 - 2395. What is the greatest common divisor of c and 9?
9
Let d(o) = 56*o**2 - 8633*o + 151. Let w be d(155). Calculate the greatest common divisor of 44 and w.
44
Suppose 6*n - 848 = 1552. Suppose 19*i = n + 18. Calculate the greatest common divisor of i and 77.
11
Suppose 0*q - 432 = -3*q. Suppose -2*w + q = 4*w. Suppose -36*t + 27*t + 540 = 0. Calculate the greatest common divisor of w and t.
12
Suppose 0*v - 2*j = v + 5, 17 = -5*v - 2*j. Let y be (0/v - 2)*-2. Suppose -59 = -y*b - 23. What is the greatest common divisor of b and 99?
9
Let p(f) = 7*f**2 + 3*f + 10. Let g(j) = -4*j**2 - j - 2. Let n be g(-1). Let i be p(n). Calculate the highest common divisor of 20 and i.
10
Suppose 0 = -29*g + 78661 - 16137. Calculate the highest common divisor of 686 and g.
98
Let t = -40 - -124. Let p = -72 + t. What is the highest common divisor of p and 78?
6
Suppose 3513 = 5*q - 4*o, -5*q + 14*o = 16*o - 3531. What is the greatest common factor of q and 1269?
141
Let f = -68 + 159. Suppose 0 = -b + z, 0*z + 2*z - 8 = 0. Suppose -5*s = -2*h - 31, 3*s = 7*s - b*h - 20. Calculate the greatest common factor of s and f.
7
Let s(f) = -758*f + 5429. Let g be s(7). What is the highest common divisor of g and 3?
3
Let t be (-3)/(13/((-33124)/21)). Calculate the greatest common factor of t and 312.
52
Suppose -t = -2*t + 4. Let x = 4078 - 4062. What is the greatest common divisor of t and x?
4
Let c = 32303 - 32297. Calculate the highest common divisor of c and 554.
2
Suppose 3*n + i - 42 = -2*n, -5*i = n - 18. Suppose -37*s + n = -33*s. Calculate the highest common divisor of 17 and s.
1
Let n be 4466/(-44)*(-4)/14 - -5. Calculate the greatest common divisor of n and 12.
2
Let q(c) = c**2 - 15*c - 53. Let d be q(16). Let w = -17 - d. Let n be (-16)/w - 78/(-10). Calculate the greatest common divisor of 1 and n.
1
Let q(c) be the second derivative of -11*c**3/6 + 58*c**2 - 31*c. Let d be q(10). What is the greatest common factor of 2 and d?
2
Suppose -j = 179 - 8. Let v = j + 211. Calculate the highest common divisor of v and 30.
10
Let r be (-129)/(-1677) + (-3624)/(-39). What is the greatest common factor of r and 124?
31
Let b = 36 - 92. Let s = 29 + b. Let n = -6 - s. What is the highest common factor of 28 and n?
7
Supp